) = s - 3. Let t(w) = 6*i(w) + 26*m(w). Suppose p + 25 = 5*d, -4*p - 9 = -3*d + 6. Determine t(d).
4
Let i be (2 + -7)*21/(-15). Suppose -5 + i = -t. Let m(q) = -3 + q**2 + 3. What is m(t)?
4
Let x = 13 - 5. Let f(r) = -r**3 + 9*r**2 - 9*r + 7. What is f(x)?
-1
Let y(b) = b + 1. Let a = 1 + -1. Suppose a*o - 6 = -2*o. Determine y(o).
4
Let q(m) = 5*m**3 + 10*m**2 + 3*m + 4. Let o(c) = -c**3 - c**2 - 1. Let u(r) = 4*o(r) + q(r). Give u(-5).
10
Let p(g) = 1 - 1 - 5 + g. What is p(6)?
1
Let m(l) = l**3 + 6*l**2 + 4*l. Let p be m(-5). Let q = -6 + p. Let y(x) = 4*x. Determine y(q).
-4
Suppose -s = -4*d - 2 - 1, 0 = -4*s + 4*d + 12. Suppose 2*y + 2*f - 4 = 0, y + 10 = -f + s*f. Let x = 3 - y. Let v(o) = o**2 - 5*o. Give v(x).
0
Let c(p) be the second derivative of -p**3/6 - p**2/2 + 20*p. Determine c(0).
-1
Let b(f) = 5*f**2 + 4*f + 10. Let v(a) = a**2 - a + 1. Let z(g) = -b(g) + 4*v(g). Suppose 90 = -26*j + 11*j. Calculate z(j).
6
Let h = -18 - -33. Let q = -2 + 4. Suppose 4*g - 1 = 3*i + 4, -5*g + q*i + h = 0. Let b(j) = 3*j - 2. Give b(g).
13
Let m(h) = -h**3 + 8*h**2 + 2*h. Let i(s) = -4*s**3 + 25*s**2 + 7*s - 1. Let u(z) = -2*i(z) + 7*m(z). Calculate u(-6).
2
Let w(p) = p**2 + p. Let x(q) = -7*q**2 - q + 1. Let y(i) = -6*w(i) - x(i). What is y(5)?
-1
Let a = -12 + 9. Let h be (2/(-4))/(a/(-36)). Let g(r) = r**3 + 6*r**2 + r + 3. Give g(h).
-3
Let l(q) = -q**3 + q**2 - q. Let w(a) = 6*a**3 + a + 7. Let m(i) = -5*l(i) - w(i). Determine m(-6).
5
Let u be (1 - 2 - 0) + 0. Let k = u + 3. Let z(d) = 10*d**2 + 7*d - 3. Let b(m) = 3*m**2 + 2*m - 1. Let p(a) = 7*b(a) - 2*z(a). Calculate p(k).
3
Let w(d) = -3*d - 6. Let b(q) = q**2 - 7*q - 8. Let r be b(8). Suppose r*h = 5*h - 15. Suppose -9 + 21 = -h*v. Give w(v).
6
Let y = 14 - 10. Suppose 2*q + 2*o = -q + 8, y*q + 2*o - 12 = 0. Let h(w) = w**2 - 6*w + 4. Calculate h(q).
-4
Let r(c) = -3*c**2. Let l(k) be the first derivative of k**4/4 - k**3/3 - k - 2. Let a be l(0). Determine r(a).
-3
Let k(u) = -u - 1. Let m be 4 + (0 + 2 - 3). Determine k(m).
-4
Suppose t - 20 = -3*t. Suppose -v = -i + 5, t*i - 43 + 4 = -2*v. Suppose -i*l + 20 = -2*l. Let r(s) = s - 5. What is r(l)?
-1
Let q(c) = 4*c**3 - c + 1. Let w(a) = -2*a**3 - 3*a**2 - 2*a - 4. Let v be w(-2). Suppose -b + 1 = -5*o, -o - 3 = -v*b + 1. Calculate q(b).
4
Let o = -183 + 187. Let x(v) be the second derivative of v**3/6 + v**2 - 2*v. Calculate x(o).
6
Let j(i) = 6*i**2 - 1. Suppose -3*v = 3*d, -v + d = -d - 6. Suppose -q - 4*l + 13 = 0, 3*q + v*q + 5*l - 20 = 0. What is j(q)?
5
Let c be ((-8)/(-10))/(12/(-30)). Let s(j) = j + 0*j - 2*j - j. What is s(c)?
4
Let y(a) = -a - 4. Let l(b) = -5*b - 21. Let d(v) = -2*l(v) + 11*y(v). Give d(-3).
1
Suppose 2*l + 6 = 2*m, -4 + 19 = 2*m - 5*l. Let x(i) be the third derivative of 1/3*i**3 + m + 1/24*i**4 + i**2 + 0*i. What is x(4)?
6
Let f = 26 + -26. Let h(o) be the second derivative of -o**5/20 + o**4/12 - o**2/2 - o. What is h(f)?
-1
Let d(a) be the third derivative of 0 + 0*a**4 + 0*a - 1/120*a**6 + 0*a**5 - a**2 - 4/3*a**3. Give d(0).
-8
Let z(w) = w. Suppose -2*p - 6 = -3*p. Let i be 1*p*-1 - -3. Give z(i).
-3
Let n(b) be the first derivative of -b**4/4 - 4*b**3/3 + 5*b**2/2 - 4*b - 5. Calculate n(-5).
-4
Let t(a) = 2*a**3 + 3*a**2. Suppose 5*j + 45 = g + 4*g, 2*j - g = -14. Let w = j - -3. Give t(w).
-4
Let i(u) = 11*u**3 - 3*u**2 - u + 3. Let l be i(1). Let r(p) = p**2 - 10*p + 8. Determine r(l).
8
Let c(w) = 1 + w**2 + 2 - w - 2*w. Let b = -3 + 6. Determine c(b).
3
Let a be 22/4 + 4/(-8). Let q(m) be the first derivative of m**4/4 - 2*m**3 + m**2 + 7*m + 2. What is q(a)?
-8
Let w = -1 - -9. Let c(t) = -w*t**3 - 67 + t**2 + 67 - t. What is c(1)?
-8
Let p be 0 + -2 + 9 + -2. Let t = -7 + p. Let f(d) = d**3 + 3*d**2 - 2. Calculate f(t).
2
Let p = -6 + 3. Let m = -1 - p. Let y(b) = -5*b - b**3 + 2*b + 1 + m*b**2 + 2*b. What is y(1)?
1
Let r(x) be the second derivative of -1/2*x**3 + 0*x**4 - x + 1/30*x**5 + 0 + 0*x**2. Let h(o) be the second derivative of r(o). Give h(1).
4
Let p(n) = -3*n**3 + 4*n**2 + 3*n - 1. Let f(b) = b**3 + b**2 + b. Let d(q) = 4*f(q) - p(q). Give d(-1).
-7
Let b(j) = j**3 - 8*j**2 + 8*j - 4. Suppose -k + 5 = -a - 4, 3*a = -5*k + 29. Give b(k).
3
Let y(v) = -v**2 - v. Let t(u) = 4*u**2 + 5*u + 1. Let b(g) = -t(g) - 5*y(g). Suppose 2*n - 1 = 3*n. Let o = 1 - n. What is b(o)?
3
Let z(i) = -5*i. Suppose 0 = -3*h + 3, -3*w + 8*w + 11 = h. Let q be w/(-8) - (-10)/(-8). Calculate z(q).
5
Let j be 2/5 - 10/25. Let u(h) = -2*h - 17. Let x(z) = z + 8. Let s(b) = 2*u(b) + 5*x(b). Calculate s(j).
6
Let c(v) be the first derivative of v**4/4 + v**2/2 - 4. What is c(-2)?
-10
Let h(i) = 4*i - 12 - 2*i + 5. What is h(5)?
3
Let s(j) = -j - 2. Let g(r) = 1. Let t(f) = -3*g(f) - s(f). What is t(2)?
1
Let t(o) = -o**3 - o**2 + 3. Suppose 2*y = y. Let z be t(y). Let a = z - 0. Let b(c) = c**3 - 3*c**2 + 2*c - 1. Determine b(a).
5
Suppose -2*b + m = -b - 5, -4*b + 5*m = -21. Let g(p) = 0 + 4 + p - 6 - b. Suppose 5*s - f = 8 + 2, -3*f = -2*s - 9. Give g(s).
-3
Let n(l) be the third derivative of l**7/840 - l**6/60 - 7*l**5/120 + 5*l**4/24 + 5*l**3/3 - 8*l**2. Let f(o) be the first derivative of n(o). Calculate f(7).
5
Let n(y) be the first derivative of 3*y**2 - 4*y**2 - 2*y + 10*y - 2. Determine n(6).
-4
Let j = 14 - 8. Let w(b) = b**2 - 8*b - 2. Let q(v) = 3*v**2 - 23*v - 7. Let t(r) = 2*r + 4. Let y be t(-6). Let g(x) = y*w(x) + 3*q(x). Give g(j).
1
Suppose -10 = 6*b - b. Let s(c) be the third derivative of c**4/8 + 3*c**2. Let x(u) = 4*u. Let w(t) = -8*s(t) + 5*x(t). Determine w(b).
8
Let c(n) = n + 1. Let a(h) = -h**2 + 3*h + 4. Let v(k) = a(k) - 2*c(k). Let l(u) be the first derivative of v(u). What is l(-3)?
7
Suppose -2*l = -7 + 3. Let m(j) = 4 - j + 3 + l - 5. Calculate m(7).
-3
Let a(j) be the first derivative of -j**4/4 + 7*j**3/3 + j**2/2 - 3*j - 29. What is a(7)?
4
Let r(c) = -c**3 - 9*c**2 - 8*c - 5. Let f be r(-8). Let k(p) = p**3 - 5*p**2 - 3*p - 4. Let t(i) = -i**3. Let a(u) = k(u) + 2*t(u). Give a(f).
11
Suppose 4*m - 16 = 4. Let h(t) = -t + 11. Let y(g) = 3*g - 32. Let j(c) = -8*h(c) - 3*y(c). Determine j(m).
3
Suppose -b - b = 6, 5*v = -b - 13. Let s(f) = 5*f + 2. Let x(j) = 2*j + 1. Let y = -5 - -2. Let n(r) = y*s(r) + 7*x(r). What is n(v)?
3
Let k(o) be the first derivative of -o**3/3 + 5*o**2/2 + o - 17. What is k(4)?
5
Let c(l) = l**2 + l + 7. Suppose -2*u - 175 + 175 = 0. Calculate c(u).
7
Let f(i) = i**3 - 2*i**2 + 3*i**2 - 2*i + 0*i**2. What is f(-2)?
0
Let c(l) = l**2 + 4. Let p = -1 + 0. Let y be -2 + 1*(-7)/p. Suppose -y*m + 2*m = 0. Calculate c(m).
4
Let o = 3 - 0. Suppose -o*s - 6 = 3. Let l(r) = r**3 + 2*r**2 - 4*r - 2. What is l(s)?
1
Let t(r) = r**2 + 3*r - 2. Let c(h) = h**2 - h + 1. Let y be c(0). Let s be (y + -7)*1/(-3). Determine t(s).
8
Suppose -10*n + 32 = -8. Let w(r) = -r**3 + 4*r**2 + 3. What is w(n)?
3
Let i(m) = m + 6. Let k be i(-3). Suppose 2*a + 26 = -k*n - 0*a, 0 = 2*n - 2*a + 34. Let s = -11 - n. Let q(t) = t**2. Calculate q(s).
1
Let z(o) = -261*o + 259*o - o**2 - 3 - 2. Give z(-4).
-13
Let t(l) be the third derivative of -5*l**4/24 + l**3/6 - 24*l**2. Determine t(2).
-9
Let v(q) be the third derivative of -q**5/60 + q**4/4 - q**3 + 17*q**2. Give v(6).
-6
Let w = 0 - 1. Suppose -3*f - 4*l + 11 = 0, 9*f - 4*l + 3 = 4*f. Let v(x) = f - 2*x - 5 + 3 + x**2. Give v(w).
2
Let h(p) = 5*p**2 - 4*p + 3. Let m be h(2). Let x be ((-9)/m)/(2/(-10)). Suppose 0 = -y + x - 0, -4*f + 13 = 3*y. Let v(t) = -2*t + 1. Determine v(f).
-1
Let w(p) = 1 + p**2 - 2*p**2 + 0*p**2 - 6*p. Let o be w(-7). Let b(i) = i**2 + 6*i - 8. Determine b(o).
-8
Let n be (-8)/(-20) + ((-182)/(-35))/2. Suppose 3*d = -2*d + 20. Let j(w) = w**3 + 1 - d*w**2 + 3*w + w - 3. Give j(n).
1
Let u(y) = 5*y. Let z(s) = -21*s. Let n(x) = -9*u(x) - 2*z(x). Determine n(2).
-6
Suppose 0 = -b - 2*w - 13, b = 5*w - 6*w - 8. Let f(r) = -r**3 - 3*r**2 - r - 3. What is f(b)?
0
Let c be 0 + ((-84)/8)/(-7). Let l(b) be the second derivative of 0 + 1/12*b**4 - b + c*b**2 + 1/2*b**3. Determine l(-2).
1
Let n(f) be the second derivative of f**5/20 - f**3/3 + f**2/2 - 2*f. Let m(v) = v - 5. Let u be m(7). Suppose -3*l + u + 4 = 0. Determine n(l).
5
Let l(v) = -v**2 + 10. Let a be (-2 + 5)/1 - -4. Let w(k) = -k 